{"id":63,"date":"2015-02-09T14:27:29","date_gmt":"2015-02-09T13:27:29","guid":{"rendered":"http:\/\/xn--httrzene-8ya6f.hu\/site\/?page_id=63"},"modified":"2015-02-09T14:29:20","modified_gmt":"2015-02-09T13:29:20","slug":"adatkezeles","status":"publish","type":"page","link":"https:\/\/xn--httrzene-8ya6f.hu\/site\/adatkezeles\/","title":{"rendered":"Adatkezel\u00e9s"},"content":{"rendered":"<p style=\"text-align: justify;\"><span style=\"font-family: helvetica;\">A h\u00e1tt\u00e9rzene.hu honlap, illetve az azt m\u0171k\u00f6dtet\u0151 Music Rekl\u00e1mst\u00fadi\u00f3 (a tov\u00e1bbiakban: adatkezel\u0151) a honlapon ny\u00fajtott egyes szolg\u00e1ltat\u00e1sokat el\u0151zetes regisztr\u00e1ci\u00f3hoz k\u00f6ti. E szolg\u00e1ltat\u00e1sok ig\u00e9nybe v\u00e9tel\u00e9hez t\u00f6rt\u00e9n\u0151 regisztr\u00e1ci\u00f3kor olyan adatok megad\u00e1s\u00e1t k\u00e9rj\u00fck, amelyek szem\u00e9lyes adatnak min\u0151s\u00fclhetnek. A honlapon kereszt\u00fcl birtok\u00e1ban jutott minden adatot az adatkezel\u0151 a szem\u00e9lyes adatok kezel\u00e9s\u00e9re vonatkoz\u00f3 mindenkori hat\u00e1lyos magyar \u00e9s EU-s jogszab\u00e1lyokat betartva kezeli.<\/span><\/p>\n<p style=\"text-align: justify;\"><span style=\"font-family: helvetica;\">A honlap l\u00e1togat\u00e1sakor (regisztr\u00e1ci\u00f3 n\u00e9lk\u00fcl is) az al\u00e1bbi, konkr\u00e9t szem\u00e9lyhez nem k\u00f6thet\u0151 adatok ker\u00fclnek r\u00f6gz\u00edt\u00e9sre, statisztikai elemz\u00e9s c\u00e9lj\u00e1ra:<\/span><br \/>\n<span style=\"font-family: helvetica;\"> \u2022 l\u00e1togat\u00f3 IP-c\u00edme,<\/span><br \/>\n<span style=\"font-family: helvetica;\"> \u2022 l\u00e1togat\u00e1s kezdete (oldalank\u00e9nt),<\/span><br \/>\n<span style=\"font-family: helvetica;\"> \u2022 l\u00e1togat\u00e1s v\u00e9ge (oldalank\u00e9nt).<\/span><\/p>\n<p style=\"text-align: justify;\"><span style=\"font-family: helvetica;\"><strong>H\u00edrlev\u00e9l, regisztr\u00e1ci\u00f3<\/strong><\/span><br \/>\n<span style=\"font-family: helvetica;\"> A h\u00e1tt\u00e9rzene.hu oldalon tal\u00e1lhat\u00f3 b\u00e1rmely h\u00edrlev\u00e9l \u0171rlapon kereszt\u00fcl a feliratkoz\u00e1s csak az adatkezel\u00e9si felt\u00e9telek ismeret\u00e9ben, \u00e9s a feliratkoz\u00f3 egy\u00e9rtelm\u0171 \u00e9s kifejezett hozz\u00e1j\u00e1rul\u00e1s\u00e1val val\u00f3sulhat meg. A h\u00edrlev\u00e9lr\u0151l b\u00e1rmikor le lehet iratkozni a k\u00f6vetkez\u0151 m\u00f3dokon:<\/span><br \/>\n<span style=\"font-family: helvetica;\"> \u2022 k\u00fcldj\u00f6n egy e-mailt az info@hatterzene.hu e-mail c\u00edmre &#8220;leiratkozom&#8221; t\u00e1rgymez\u0151vel.<\/span><\/p>\n<p style=\"text-align: justify;\"><span style=\"font-family: helvetica;\">A regisztr\u00e1ci\u00f3 \u00f6nk\u00e9ntes \u00e9s jelen adatkezel\u00e9si felt\u00e9telek ismeret\u00e9ben t\u00f6rt\u00e9nik. A regisztr\u00e1ci\u00f3 sor\u00e1n megadott adatokat az adatkezel\u0151 az al\u00e1bbi c\u00e9lokra haszn\u00e1lja fel, amely c\u00e9lokra val\u00f3 felhaszn\u00e1l\u00e1shoz a l\u00e1togat\u00f3 a regisztr\u00e1ci\u00f3val kifejezett hozz\u00e1j\u00e1rul\u00e1s\u00e1t adja:<\/span><br \/>\n<span style=\"font-family: helvetica;\"> \u2022 h\u00edrlev\u00e9l k\u00fcld\u00e9se,<\/span><br \/>\n<span style=\"font-family: helvetica;\"> \u2022 saj\u00e1t term\u00e9kek \u00e9s szolg\u00e1ltat\u00e1sok n\u00e9pszer\u0171s\u00edt\u00e9se,<\/span><br \/>\n<span style=\"font-family: helvetica;\"> \u2022 \u00e9vente n\u00e9h\u00e1ny alkalommal m\u00e1s, a regisztr\u00e1lt l\u00e1togat\u00f3t feltehet\u0151en \u00e9rdekl\u0151 term\u00e9k vagy szolg\u00e1ltat\u00e1s n\u00e9pszer\u0171s\u00edt\u00e9se.<\/span><\/p>\n<p style=\"text-align: justify;\"><span style=\"font-family: helvetica;\">Az adatkezel\u0151 a kezelt adatokat (a t\u00f6rv\u00e9ny alapj\u00e1n arra felhatalmazott hat\u00f3s\u00e1g r\u00e9sz\u00e9re t\u00f6rt\u00e9n\u0151 k\u00f6telez\u0151 adatszolg\u00e1ltat\u00e1s eset\u00e9t kiv\u00e9ve) semmilyen form\u00e1ban nem teszi hozz\u00e1f\u00e9rhet\u0151v\u00e9 harmadik szem\u00e9ly r\u00e9sz\u00e9re, tov\u00e1bb\u00e1 minden \u00e9sszer\u0171 int\u00e9zked\u00e9st megtesz az adatok bizalmass\u00e1g\u00e1nak meg\u0151rz\u00e9se \u00e9rdek\u00e9ben, illetve erre szerz\u0151d\u00e9sben k\u00f6telezi az esetlegesen bevont adatfeldolgoz\u00f3t is. Az adatkezel\u0151 csak olyan szem\u00e9lyeknek enged hozz\u00e1f\u00e9r\u00e9st a kezelt adatokhoz, amely szem\u00e9lyek munkaszerz\u0151d\u00e9sben vagy egy\u00e9b jogviszony keret\u00e9ben v\u00e9gzett tev\u00e9kenys\u00e9ge az adatkezel\u00e9s c\u00e9lj\u00e1nak megval\u00f3s\u00edt\u00e1s\u00e1hoz k\u00f6zvetlen\u00fcl sz\u00fcks\u00e9ges.<\/span><\/p>\n<p style=\"text-align: justify;\"><span style=\"font-family: helvetica;\">Az adatkezel\u0151 az al\u00e1bbi adatfeldolgoz\u00f3kat vonja be egyes technikai r\u00e9szfeladatok elv\u00e9gz\u00e9s\u00e9be:<\/span><br \/>\n<span style=\"font-family: helvetica;\"> \u2022 M-Design.<\/span><\/p>\n<p style=\"text-align: justify;\"><span style=\"font-family: helvetica;\">A regisztr\u00e1lt l\u00e1togat\u00f3 az al\u00e1bbi m\u00f3don k\u00e9rhet a r\u00f3la kezelt szem\u00e9lyes adatok k\u00f6r\u00e9r\u0151l, az adatkezel\u00e9s jogalapj\u00e1r\u00f3l \u00e9s c\u00e9lj\u00e1r\u00f3l t\u00f6rt\u00e9n\u0151 felvil\u00e1gos\u00edt\u00e1st:<\/span><br \/>\n<span style=\"font-family: helvetica;\"> \u2022 k\u00fcldj\u00f6n egy e-mailt az info@hatterzene.hu c\u00edmre. A k\u00e9relemre az adatkezel\u0151 \u00e9sszer\u0171 hat\u00e1rid\u0151n bel\u00fcl, de legk\u00e9s\u0151bb a k\u00e9relem beny\u00fajt\u00e1s\u00e1t\u00f3l sz\u00e1m\u00edtott 30. napon k\u00f6teles a k\u00e9rt t\u00e1j\u00e9koztat\u00e1st megadni. Az adatkezel\u0151 jogosult az ugyanazon t\u00e9m\u00e1ban egy \u00e9ven bel\u00fcli ism\u00e9telt k\u00e9relem eset\u00e9n a t\u00e1j\u00e9koztat\u00e1sra vonatkoz\u00f3an az adatkezel\u0151 k\u00f6lts\u00e9gt\u00e9r\u00edt\u00e9sre jogosult. A regisztr\u00e1ci\u00f3 megsz\u00fcntet\u00e9sekor a megadott e-mail c\u00edmre visszaigazol\u00e1s ker\u00fcl kik\u00fcld\u00e9sre, majd a regisztr\u00e1l\u00e1skor megadott adatok t\u00f6rl\u0151dnek az \u00e9les adatb\u00e1zisb\u00f3l. Az adatkezel\u0151 sz\u00e1m\u00e1ra az adatkezel\u00e9s jogalapj\u00e1nak bizony\u00edt\u00e1s\u00e1ra vonatkoz\u00f3 t\u00f6rv\u00e9nyi k\u00f6telezetts\u00e9g teljes\u00edt\u00e9se \u00e9rdek\u00e9ben a regisztr\u00e1ci\u00f3 megsz\u00fcntet\u00e9se ut\u00e1n az al\u00e1bbi adatokat \u0151rzi meg:<\/span><br \/>\n<span style=\"font-family: helvetica;\"> \u2022 regisztr\u00e1ci\u00f3hoz tartoz\u00f3 e-mail c\u00edm,<\/span><br \/>\n<span style=\"font-family: helvetica;\"> \u2022 regisztr\u00e1ci\u00f3 id\u0151pontja,<\/span><br \/>\n<span style=\"font-family: helvetica;\"> \u2022 regisztr\u00e1ci\u00f3hoz haszn\u00e1lt IP-c\u00edm,<\/span><br \/>\n<span style=\"font-family: helvetica;\"> \u2022 regisztr\u00e1ci\u00f3 megsz\u00fcntet\u00e9s\u00e9nek id\u0151pontja,<\/span><br \/>\n<span style=\"font-family: helvetica;\"> \u2022 regisztr\u00e1ci\u00f3hoz megsz\u00fcntet\u00e9s\u00e9hez haszn\u00e1lt IP-c\u00edm.<\/span><\/p>\n<p style=\"text-align: justify;\"><span style=\"font-family: helvetica;\">Az adatkezel\u00e9s id\u0151tartama: a regisztr\u00e1ci\u00f3 t\u00f6rl\u00e9s\u00e9nek \u00e9rintett \u00e1ltali t\u00f6rl\u00e9s\u00e9nek kezdem\u00e9nyez\u00e9s\u00e9ig.<\/span><\/p>\n<p style=\"text-align: justify;\"><span style=\"font-family: helvetica;\"><strong>Adatkezel\u00e9s c\u00e9lja<\/strong><\/span><br \/>\n<span style=\"font-family: helvetica;\"> Az Adatkezel\u00e9s c\u00e9lja a felhaszn\u00e1l\u00f3kkal t\u00f6rt\u00e9n\u0151 kapcsolattart\u00e1s megk\u00f6nny\u00edt\u00e9se, adott esetben bizonyos szolg\u00e1ltat\u00e1sok szem\u00e9lyre szabott ny\u00fajt\u00e1sa, valamint a h\u00edrlev\u00e9l-szolg\u00e1ltat\u00e1shoz kapcsol\u00f3d\u00f3 kommunik\u00e1ci\u00f3 lehet\u0151v\u00e9 t\u00e9tele. A szerz\u0151d\u00e9sek l\u00e9trej\u00f6tt\u00e9nek bizony\u00edt\u00e1sa a szerz\u0151d\u00e9sek teljes\u00edt\u00e9se \u00e9rdek\u00e9ben.<\/span><\/p>\n<p style=\"text-align: justify;\"><span style=\"font-family: helvetica;\">A felhaszn\u00e1l\u00f3 jog\u00e9rv\u00e9nyes\u00edt\u00e9si lehet\u0151s\u00e9geit az Avtv., valamint az 1959. \u00e9vi IV. tv. (Ptk.) alapj\u00e1n b\u00edr\u00f3s\u00e1g el\u0151tt gyakorolhatja, tov\u00e1bb\u00e1 b\u00e1rmilyen szem\u00e9lyes adattal kapcsolatos k\u00e9rd\u00e9sben k\u00e9rheti az NAIH seg\u00edts\u00e9g\u00e9t is (Nemzeti Adatv\u00e9delmi \u00e9s Inform\u00e1ci\u00f3szabads\u00e1g Hat\u00f3s\u00e1g, Sz\u00e9khely: 1125 Budapest, Szil\u00e1gyi Erzs\u00e9bet fasor 22\/c, Postac\u00edm: 1530 Budapest, Pf.: 5., Telefon: +36 (1) 391-1400).<\/span><\/p>\n<p style=\"text-align: justify;\"><span style=\"font-family: helvetica;\">B\u00e1rmilyen, adatkezel\u00e9ssel kapcsolatos k\u00e9rd\u00e9ssel, \u00e9szrev\u00e9tellel ezen t\u00falmen\u0151en kereshet\u0151k az adatkezel\u0151 munkat\u00e1rsai az \u00fcgyf\u00e9lszolg\u00e1laton kereszt\u00fcl el\u00e9rhet\u0151k.<\/span><\/p>\n<p style=\"text-align: justify;\"><span style=\"font-family: helvetica;\">A Music Rekl\u00e1mst\u00fadi\u00f3 tiszteletben tartja a lev\u00e9ltitokra vonatkoz\u00f3 jogszab\u00e1lyokat.<\/span><\/p>\n<p style=\"text-align: justify;\"><span style=\"font-family: helvetica;\">Jelen dokumentumban nem szab\u00e1lyozott k\u00e9rd\u00e9sekkel kapcsolatban l\u00e1sd: 2011. \u00e9vi CXII. t\u00f6rv\u00e9ny az inform\u00e1ci\u00f3s \u00f6nrendelkez\u00e9si jogr\u00f3l \u00e9s az inform\u00e1ci\u00f3szabads\u00e1gr\u00f3l.<\/span><\/p>\n","protected":false},"excerpt":{"rendered":"<p>A h\u00e1tt\u00e9rzene.hu honlap, illetve az azt m\u0171k\u00f6dtet\u0151 Music Rekl\u00e1mst\u00fadi\u00f3 (a tov\u00e1bbiakban: adatkezel\u0151) a honlapon ny\u00fajtott egyes szolg\u00e1ltat\u00e1sokat el\u0151zetes regisztr\u00e1ci\u00f3hoz k\u00f6ti. E szolg\u00e1ltat\u00e1sok ig\u00e9nybe v\u00e9tel\u00e9hez t\u00f6rt\u00e9n\u0151 regisztr\u00e1ci\u00f3kor olyan adatok megad\u00e1s\u00e1t k\u00e9rj\u00fck, amelyek szem\u00e9lyes adatnak min\u0151s\u00fclhetnek. A honlapon kereszt\u00fcl birtok\u00e1ban jutott minden adatot az adatkezel\u0151 a szem\u00e9lyes adatok kezel\u00e9s\u00e9re vonatkoz\u00f3 mindenkori hat\u00e1lyos magyar \u00e9s EU-s jogszab\u00e1lyokat betartva [&hellip;]<\/p>\n","protected":false},"author":1,"featured_media":0,"parent":0,"menu_order":3,"comment_status":"closed","ping_status":"closed","template":"","meta":{"ngg_post_thumbnail":0,"footnotes":""},"class_list":["post-63","page","type-page","status-publish","hentry"],"_links":{"self":[{"href":"https:\/\/xn--httrzene-8ya6f.hu\/site\/wp-json\/wp\/v2\/pages\/63","targetHints":{"allow":["GET"]}}],"collection":[{"href":"https:\/\/xn--httrzene-8ya6f.hu\/site\/wp-json\/wp\/v2\/pages"}],"about":[{"href":"https:\/\/xn--httrzene-8ya6f.hu\/site\/wp-json\/wp\/v2\/types\/page"}],"author":[{"embeddable":true,"href":"https:\/\/xn--httrzene-8ya6f.hu\/site\/wp-json\/wp\/v2\/users\/1"}],"replies":[{"embeddable":true,"href":"https:\/\/xn--httrzene-8ya6f.hu\/site\/wp-json\/wp\/v2\/comments?post=63"}],"version-history":[{"count":3,"href":"https:\/\/xn--httrzene-8ya6f.hu\/site\/wp-json\/wp\/v2\/pages\/63\/revisions"}],"predecessor-version":[{"id":66,"href":"https:\/\/xn--httrzene-8ya6f.hu\/site\/wp-json\/wp\/v2\/pages\/63\/revisions\/66"}],"wp:attachment":[{"href":"https:\/\/xn--httrzene-8ya6f.hu\/site\/wp-json\/wp\/v2\/media?parent=63"}],"curies":[{"name":"wp","href":"https:\/\/api.w.org\/{rel}","templated":true}]}}